72).
60
What is 0 + (1 - 0 - (103 + -88))?
-14
What is (-1634 - -1658) + (0 - 70 - -1)?
-45
What is the value of 56 + (2 - (12 + 20))?
26
What is 13 + 33 + -53 - (29 - 3)?
-33
54 + (-38 - (39 - 17))
-6
What is the value of 29 + -26 - (-59 + 1 + -7 + 17)?
51
Evaluate 22 + 5 + -1 + -16 + (-1 - 15) - -60.
54
What is -16 + (6 - -34) - 24 - (2 + -59)?
57
What is -109 - -105 - (-1 + -17 - -19)?
-5
What is the value of -167 - (104 + 6 + -126)?
-151
Evaluate (-1 + -8 - (-95 + 48 + 40)) + 78.
76
What is 7 - (-19 + -5 + 21 + -4 - -13)?
1
What is (-61 - -30 - (-32 - (19 + -27))) + (-43 - 0)?
-50
What is 33 + (-274 - -116) - -85?
-40
Evaluate (21 - 9) + 82 + -18 + (-4 - -5).
77
What is the value of -17 + 1 - (144 + (-241 - -115))?
-34
What is the value of 9 - (10 - 9) - (-14 + 15 + -29)?
36
What is -74 - ((31 - -7) + -27 - (1 + 14))?
-70
Calculate (6 - -2) + 72 - (3 - -2) - 18.
57
What is the value of (-176 - -65) + 55 + 67?
11
What is -14 + (-360 + 342 - (-35 - 0)) - -29?
32
What is the value of 110 - (63 - (-75 + 45))?
17
What is -32 - (-1 + -54 + -224 + 227)?
20
What is 22 + (-38 - -44) - (-7 - -4)?
31
7 - (-34 + (67 - 33) - (0 - -1 - 48))
-40
Evaluate 123 - 4 - (-244 + 432).
-69
Calculate 2 + (9 + -7 + -6 - 14 - -16).
0
(-9 - 13) + (-26 - -4 - (53 + -122))
25
-18 - (-10 + 3) - 29
-40
What is 88 + (-53 + 100 - 89)?
46
Evaluate -9 + 13 + -31 + 24 + 0 - 11.
-14
What is the value of -66 - -84 - 47 - (1 - 95)?
65
Evaluate -4 + (26 - 8 - 13) + -14 + -1.
-14
What is the value of 12 + (-10 + -4 - -85)?
83
What is 24 - ((42 - 55) + 29)?
8
What is 30 + (-69 + 12 - -43)?
16
Evaluate -9 + (0 + -18 - -39) - (-21 + 0).
33
-374 - -369 - (-2 + -5) - 62
-60
Evaluate (2 - (5 - 8)) + -17 + 8 - (-133 - -149).
-20
What is the value of (-1 - -128) + 2007 + -2036 + 31?
129
-10 - -14 - (-31 + 21 + 2 + -1 + 51)
-38
What is -23 + 4 + 3 + 45 + 65 + -179?
-85
What is (43 - 60) + (-12 - -20) + -26?
-35
Evaluate 30 - 46 - -27 - 16.
-5
What is the value of -15 + (17 - (1 + 8 + 5)) + 3?
-9
What is 16 + ((25 - (11 - -7)) + 24 - 11)?
36
What is -82 + -6 - -130 - (2 - 1)?
41
Evaluate 76 + (6 + -52 - 8).
22
What is -48 + (16 + -29 - -38)?
-23
What is the value of (10 + 1 + (-199 - -193) - 30) + -3?
-28
What is -96 - (-31 + 38 - 61) - (-1 - 4)?
-37
What is 101 - (33 + (-23 - (-14 - -2)))?
79
What is -36 + (23 - -61) + -24?
24
-7 + 1 - (13 - (15 + -18))
-22
What is the value of -3 + -7 + -6 - (-15 + -1 - -3)?
-3
-23 - ((24 - 51 - 88) + 17)
75
Calculate (10 - (9 + -40)) + -147.
-106
Evaluate -21 + (-2 + 41 - (52 - 38)).
4
Calculate -125 + 12 + 161 + -106.
-58
What is the value of -1435 + 1384 + -20 + -1 - (0 + -1)?
-71
Calculate 34 + -9 + -415 + 346.
-44
Evaluate (-4 - 1) + (17 + -6 + (1 - 10) - -8).
5
What is the value of 2 - (14 - -2 - 1) - (87 - 84)?
-16
What is the value of 1 + -3 + -1 - (97 - 61 - 34)?
-5
Evaluate 26 + (-40 - -58) + -34.
10
8 + 2 - (-1031 - -1037)
4
What is the value of 12 - (68 + 20) - -123?
47
Evaluate -42 + (3 - -2) - -17.
-20
What is the value of -33 - -22 - 45 - (-37 + 18)?
-37
-6 + -8 + 10 + 14 + -9 - -4
5
What is 15 + -3 + (39 + -1 - (144 - 131))?
37
Calculate -51 - (47 - 54 - 37).
-7
Calculate (-76 - -1) + (5755 - 5756).
-76
Evaluate 53 - ((2 - -1) + 0 + -1 + (265 - 265)).
51
What is the value of (-155 - -161) + (0 + -3 - -3) - -61 - 11?
56
What is -32 - (21 + (-17 - 26))?
-10
Evaluate -109 - ((-123 - -121) + 6 + (-4 - 7)).
-102
What is the value of -67 + (65 - (26 - -16))?
-44
What is 8 - ((-410 - -440) + 48 + -1)?
-69
What is -40 + 7 + -14 + 1 + (-1 - -7)?
-40
Evaluate 49 + 3 + -56 - 56.
-60
What is the value of (58 - 0) + (-11749 - -11702)?
11
Evaluate -22 + (73 + 2 - 11).
42
What is 1 - (10 + 9 + 4) - -61?
39
(0 - (96 + -2) - (59 - (-52 - -104))) + -13
-114
What is the value of 845 + -832 - ((-1 - 1) + 52)?
-37
-15 - (11 + -6) - ((-14 - -25) + -26)
-5
What is the value of -18 + -13 + 18 + 2 + 14?
3
Calculate 21 - 20 - (-47 + 19).
29
What is -75 - (-60 - -30 - 98)?
53
What is the value of 425 + -371 + (-5 + 10 + -11 - (4 + 0))?
44
-1 + -62 + (9 + 170 - 153)
-37
What is the value of 0 - (-12 + 14 + -8 - -7) - (-63 - -8)?
54
What is -3 + 8 + 55 - ((-73 - -32) + 28)?
73
What is the value of 44 - 1 - (-225 + 245) - -7?
30
Evaluate -15 + (5 - (9 - (8 - 15 - -124))).
98
(8 - 7) + (-45 - (7 - 68))
17
Evaluate -3 + (51 - 23) + -29.
-4
(3 - 0 - 8) + (-83 - -76) + (-68 - -71)
-9
Calculate (-15 - 1) + (28 - (-23 - 18 - 5)).
58
What is 63 + (-50 - -3) + -45?
-29
-33 + 15 + -23 - -67
26
Evaluate (10 - (-16 + (13 - -2))) + -16.
-5
What is the value of -20 + 13 + (24 - (-20 + 18)) + 26?
45
What is (4 - 1) + -20 - (-46 + -4 + 57)?
-24
Calculate (-33 - (-15 + -8) - 16) + (-15 - -2).
-39
What is the value of (-845 - -820) + -3 + 44?
16
Calculate 41 - -5 - 58 - (-2 - (-2 + 13)).
1
What is the value of -19 + 100 - (213 + -175)?
43
Calculate 103 + (22 - 5) + (-14 - 2 - 1).
103
Calculate 11 + (-4 + 4 - -47) + 206 + -218.
46
(1 - (73 - 78 - (-8 - -2))) + -4
-4
What is the value of 99 + -42 - -10 - 116?
-49
(78 - 66) + -60 - -37
-11
Evaluate 24 + -27 + 86 + -29 + 20.
74
Evaluate (-62 - 7) + 192 + -58.
65
(-7 - (-2 - -22)) + 17 + -7
-17
Evaluate (0 - -2) + (-4 - 83 - (-10 - -3) - -3).
-75
What is -15 - (-58 + 0) - (-137 + 228)?
-48
What is -80 - (89 - 176) - -52?
59
What is (-111 - -205) + (-12 - -10) + -9 + (-4 - -5)?
84
What is the value of 10 + ((21 - 29) + -25 - -27)?
4
What is the value of 50 - (-47 + 43) - 56?
-2
Evaluate -34 + 151 - 99 - (-14 + -1).
33
What is the value of 44 + (14 - (10 - 4)) + (5 - 0)?
57
What is -10 - ((1 + 5 - (-30 + 52 - 11)) + -5)?
0
What is the value of -34 - ((-111 - 7) + 42 + -19)?
61
Evaluate ((-4 - (-19 + 2)) + 21 - (-7 - -2)) + 11.
50
Calculate (-24 - (1 + -10)) + -22.
-37
Evaluate (-654 - -646) + -1 + -20 + -2.
-31
Evaluate 2 + -58 + (9 - 11 - (8 + -4)) + 8.
-54
61 + ((-3 - -1) + 0 + 3 - (-3406 + 3400))
68
Evaluate (19 - (0 + 4) - -1) + (39 - 40 - 4).
11
What is 57 - (103 + 33 + 19)?
-98
What is 867 + -919 - (-1 - 44)?
-7
-17 + -38 - -43 - (0 + 19)
-31
Calculate 10 - (-23 + 17 + 20) - (1 - (-3 + 9)).
1
What is the value of 16 + (-3661 + 3658 - (1 + -1 - -9)) + 58?
62
What is -1 + (12 + -6 - -7 - -55) - 0?
67
Evaluate (2 + -1 + (56 - 49) - -8) + 7.
23
Calculate (1208 - 1222) + (45 - 0).
31
Calculate -3 - 12 - ((0 - -7) + 36 + -49).
-9
What is 24 - (15 - (-6 + -18)) - (1 - -77) - -13?
-80
Evaluate -39 + -80 + 135 + -72.
-56
(19 - ((-3 - -8) + 3)) + -14 + -7
-10
What is the value of (-45 - 14) + 52 + 19 + -1 + (2 - -62)?
75
-17 - ((-112 - -60) + (-17 - 0))
52
What is (-37 - 11 - -14 - -41) + (-7 - (1 - 0))?
-1
Evaluate (-11 - 1) + (-5 - (25 - 5)) + -47 + 11.
-73
What is the value of 12 + -7 + -9 - 14 - (-4 + 5)?
-19
What is -15 - (-25 - -11) - (0 + (-1 - 38))?
38
Evaluate -11 - -11 - 2 - 92 - (9 + -31).
-72
(8 + -8 - (-53 + -1) - (34 - 26)) + 1
47
Calculate -109 + (-11 - -6 - 4) + (54 - 44).
-108
Evaluate -41 - (57 + -5 - 123).
30
Calculate 14 + -84 + 82 + -51 + 0 + 5.
-34
What is the value of -10 + -52 + 17 + 12 + (1 - -3 - 12)?
-41
-3 + -2 + (0 - -2 - -31) + (-170 - -187)
45
Calculate -9 + 16 + 6 + 66 - 14 - 12.
53
Evaluate (-4 - (20 + -10 - 1) - -10) + 5 + 67.
69
What is the value of -192 + 187 + -1 + (23 + -11 - -80)?
86
What is the value of -47 - -124 - 311 - -123?
-111
What is (-535 - -544) + 1 + -3 + -6?
1
What is 38 + 2 - (-60 - -47) - 22?
31
What is the value of -2 + 2 - -1 - ((-328 - -131) + 212)?
-14
Evaluate -2 + (-8 - (-17 - -11 - 6)).
2
What is (-22 - (-18 - -23)) + 41?
14
What is -8 - 0 - (6 + -10 + 1 + -4 + 54)?
-55
Calculate (1 + -35 - (1230 + -1259)) + 0 + 23.
18
What is 0 + 18 + -9 - (-13 - -19 - (-1 + 85))?
87
103 + -5 + -49 + (65 - 45)
69
Calculate 4 - -3 - (-106 - (14 - 17 - 18 - -18)).
110
Evaluate 15637 + -15653 - (1 - -7).
-24
What is (-20 - -14) + -55 + (2 - 2 - (-3 - 10))?
-48
Evaluate (-9 - (8 + -33)) + 54.
70
What is the value of (20 - (-12 - -11)) + (-9 - -29)?
41
Calculate -35 + -1 + -32 + 49 + -31.
-50
Evaluate 17 - ((25 - 33) + 6 + 8 + -25).
36
-21 + 1 + (8 - 34) + (96 - 72)
-22
17 - (-4 + -1) - (-3 - 30)
55
Evaluate (6 - 12 - 5) + (-18 + (15 - -9) - -31).
26
17 + 0 - 25 - ((-2 - (-7 + 9)) + 2)
-6
Calculate (-18 - -4) + 16 + -22 - (72 + 0).
-92
What is the value of (-1 - -5) + (19 + -7 - 15) + (0 - -140)?
141
W